{"id":25,"date":"2023-08-17T10:56:54","date_gmt":"2023-08-17T13:56:54","guid":{"rendered":"https:\/\/dbcbebidacia.com.br\/site\/?page_id=25"},"modified":"2023-11-27T08:54:27","modified_gmt":"2023-11-27T11:54:27","slug":"eventos","status":"publish","type":"page","link":"https:\/\/dbcbebidacia.com.br\/site\/index.php\/eventos\/","title":{"rendered":"Eventos"},"content":{"rendered":"\t\t<div data-elementor-type=\"wp-page\" data-elementor-id=\"25\" class=\"elementor elementor-25\">\n\t\t\t\t\t\t<section class=\"elementor-section elementor-top-section elementor-element elementor-element-46c80eb elementor-section-boxed elementor-section-height-default elementor-section-height-default\" data-id=\"46c80eb\" data-element_type=\"section\">\n\t\t\t\t\t\t<div class=\"elementor-container elementor-column-gap-default\">\n\t\t\t\t\t<div class=\"elementor-column elementor-col-100 elementor-top-column elementor-element elementor-element-c97b88a\" data-id=\"c97b88a\" data-element_type=\"column\">\n\t\t\t<div class=\"elementor-widget-wrap elementor-element-populated\">\n\t\t\t\t\t\t<div class=\"elementor-element elementor-element-f504c9b elementor-widget elementor-widget-heading\" data-id=\"f504c9b\" data-element_type=\"widget\" data-widget_type=\"heading.default\">\n\t\t\t\t<div class=\"elementor-widget-container\">\n\t\t\t\t\t<h2 class=\"elementor-heading-title elementor-size-default\">Sucesso no seu Evento<\/h2>\t\t\t\t<\/div>\n\t\t\t\t<\/div>\n\t\t\t\t\t<\/div>\n\t\t<\/div>\n\t\t\t\t\t<\/div>\n\t\t<\/section>\n\t\t\t\t<section class=\"elementor-section elementor-top-section elementor-element elementor-element-bbe20cc elementor-section-boxed elementor-section-height-default elementor-section-height-default\" data-id=\"bbe20cc\" data-element_type=\"section\">\n\t\t\t\t\t\t<div class=\"elementor-container elementor-column-gap-default\">\n\t\t\t\t\t<div class=\"elementor-column elementor-col-100 elementor-top-column elementor-element elementor-element-8c0017b\" data-id=\"8c0017b\" data-element_type=\"column\">\n\t\t\t<div class=\"elementor-widget-wrap elementor-element-populated\">\n\t\t\t\t\t\t<div class=\"elementor-element elementor-element-fa489d3 elementor-widget elementor-widget-text-editor\" data-id=\"fa489d3\" data-element_type=\"widget\" data-widget_type=\"text-editor.default\">\n\t\t\t\t<div class=\"elementor-widget-container\">\n\t\t\t\t\t\t\t\t\t<p>Em um mundo em constante evolu\u00e7\u00e3o, a DBC Bebidas continua a prosperar, fornecendo bebidas de alta qualidade para festas e eventos em toda a regi\u00e3o. Com mais de duas d\u00e9cadas de hist\u00f3ria, eles mant\u00eam viva a tradi\u00e7\u00e3o de excel\u00eancia e compromisso com a satisfa\u00e7\u00e3o do cliente. Se voc\u00ea est\u00e1 planejando um evento especial, a XPTO Bebidas \u00e9 a escolha certa para garantir que as bebidas sejam um sucesso absoluto.<\/p>\t\t\t\t\t\t\t\t<\/div>\n\t\t\t\t<\/div>\n\t\t\t\t\t<\/div>\n\t\t<\/div>\n\t\t\t\t\t<\/div>\n\t\t<\/section>\n\t\t\t\t<section class=\"elementor-section elementor-top-section elementor-element elementor-element-8ce7c73 elementor-section-boxed elementor-section-height-default elementor-section-height-default\" data-id=\"8ce7c73\" data-element_type=\"section\">\n\t\t\t\t\t\t<div class=\"elementor-container elementor-column-gap-default\">\n\t\t\t\t\t<div class=\"elementor-column elementor-col-100 elementor-top-column elementor-element elementor-element-c3eb6f6\" data-id=\"c3eb6f6\" data-element_type=\"column\">\n\t\t\t<div class=\"elementor-widget-wrap elementor-element-populated\">\n\t\t\t\t\t\t<section class=\"elementor-section elementor-inner-section elementor-element elementor-element-3f7f578 elementor-section-boxed elementor-section-height-default elementor-section-height-default\" data-id=\"3f7f578\" data-element_type=\"section\">\n\t\t\t\t\t\t<div class=\"elementor-container elementor-column-gap-default\">\n\t\t\t\t\t<div class=\"elementor-column elementor-col-50 elementor-inner-column elementor-element elementor-element-504f48a\" data-id=\"504f48a\" data-element_type=\"column\">\n\t\t\t<div class=\"elementor-widget-wrap elementor-element-populated\">\n\t\t\t\t\t\t<div class=\"elementor-element elementor-element-9fadcd8 elementor-widget elementor-widget-image\" data-id=\"9fadcd8\" data-element_type=\"widget\" data-widget_type=\"image.default\">\n\t\t\t\t<div class=\"elementor-widget-container\">\n\t\t\t\t\t\t\t\t\t\t\t\t\t\t\t<img fetchpriority=\"high\" decoding=\"async\" width=\"640\" height=\"640\" src=\"https:\/\/dbcbebidacia.com.br\/site\/wp-content\/uploads\/2023\/11\/instagram-6-1024x1024.jpg\" class=\"attachment-large size-large wp-image-882\" alt=\"\" srcset=\"https:\/\/dbcbebidacia.com.br\/site\/wp-content\/uploads\/2023\/11\/instagram-6-1024x1024.jpg 1024w, https:\/\/dbcbebidacia.com.br\/site\/wp-content\/uploads\/2023\/11\/instagram-6-300x300.jpg 300w, https:\/\/dbcbebidacia.com.br\/site\/wp-content\/uploads\/2023\/11\/instagram-6-150x150.jpg 150w, https:\/\/dbcbebidacia.com.br\/site\/wp-content\/uploads\/2023\/11\/instagram-6-768x768.jpg 768w, https:\/\/dbcbebidacia.com.br\/site\/wp-content\/uploads\/2023\/11\/instagram-6.jpg 1440w\" sizes=\"(max-width: 640px) 100vw, 640px\" \/>\t\t\t\t\t\t\t\t\t\t\t\t\t\t\t<\/div>\n\t\t\t\t<\/div>\n\t\t\t\t\t<\/div>\n\t\t<\/div>\n\t\t\t\t<div class=\"elementor-column elementor-col-50 elementor-inner-column elementor-element elementor-element-41d0841\" data-id=\"41d0841\" data-element_type=\"column\">\n\t\t\t<div class=\"elementor-widget-wrap elementor-element-populated\">\n\t\t\t\t\t\t<div class=\"elementor-element elementor-element-f55d393 elementor-widget elementor-widget-image\" data-id=\"f55d393\" data-element_type=\"widget\" data-widget_type=\"image.default\">\n\t\t\t\t<div class=\"elementor-widget-container\">\n\t\t\t\t\t\t\t\t\t\t\t\t\t\t\t<img decoding=\"async\" width=\"640\" height=\"640\" src=\"https:\/\/dbcbebidacia.com.br\/site\/wp-content\/uploads\/2023\/11\/instagram-5-1024x1024.jpg\" class=\"attachment-large size-large wp-image-881\" alt=\"\" srcset=\"https:\/\/dbcbebidacia.com.br\/site\/wp-content\/uploads\/2023\/11\/instagram-5-1024x1024.jpg 1024w, https:\/\/dbcbebidacia.com.br\/site\/wp-content\/uploads\/2023\/11\/instagram-5-300x300.jpg 300w, https:\/\/dbcbebidacia.com.br\/site\/wp-content\/uploads\/2023\/11\/instagram-5-150x150.jpg 150w, https:\/\/dbcbebidacia.com.br\/site\/wp-content\/uploads\/2023\/11\/instagram-5-768x768.jpg 768w, https:\/\/dbcbebidacia.com.br\/site\/wp-content\/uploads\/2023\/11\/instagram-5.jpg 1080w\" sizes=\"(max-width: 640px) 100vw, 640px\" \/>\t\t\t\t\t\t\t\t\t\t\t\t\t\t\t<\/div>\n\t\t\t\t<\/div>\n\t\t\t\t\t<\/div>\n\t\t<\/div>\n\t\t\t\t\t<\/div>\n\t\t<\/section>\n\t\t\t\t\t<\/div>\n\t\t<\/div>\n\t\t\t\t\t<\/div>\n\t\t<\/section>\n\t\t\t\t<section class=\"elementor-section elementor-top-section elementor-element elementor-element-b5ed959 elementor-section-boxed elementor-section-height-default elementor-section-height-default\" data-id=\"b5ed959\" data-element_type=\"section\">\n\t\t\t\t\t\t<div class=\"elementor-container elementor-column-gap-default\">\n\t\t\t\t\t<div class=\"elementor-column elementor-col-100 elementor-top-column elementor-element elementor-element-7af8e9a\" data-id=\"7af8e9a\" data-element_type=\"column\">\n\t\t\t<div class=\"elementor-widget-wrap elementor-element-populated\">\n\t\t\t\t\t\t<div class=\"elementor-element elementor-element-852d043 elementor-widget elementor-widget-heading\" data-id=\"852d043\" data-element_type=\"widget\" data-widget_type=\"heading.default\">\n\t\t\t\t<div class=\"elementor-widget-container\">\n\t\t\t\t\t<h2 class=\"elementor-heading-title elementor-size-default\">Chopp Fresco e Saboroso<\/h2>\t\t\t\t<\/div>\n\t\t\t\t<\/div>\n\t\t\t\t\t<\/div>\n\t\t<\/div>\n\t\t\t\t\t<\/div>\n\t\t<\/section>\n\t\t\t\t<section class=\"elementor-section elementor-top-section elementor-element elementor-element-e6af709 elementor-section-boxed elementor-section-height-default elementor-section-height-default\" data-id=\"e6af709\" data-element_type=\"section\">\n\t\t\t\t\t\t<div class=\"elementor-container elementor-column-gap-default\">\n\t\t\t\t\t<div class=\"elementor-column elementor-col-100 elementor-top-column elementor-element elementor-element-af5f190\" data-id=\"af5f190\" data-element_type=\"column\">\n\t\t\t<div class=\"elementor-widget-wrap elementor-element-populated\">\n\t\t\t\t\t\t<section class=\"elementor-section elementor-inner-section elementor-element elementor-element-4426ad6 elementor-section-boxed elementor-section-height-default elementor-section-height-default\" data-id=\"4426ad6\" data-element_type=\"section\">\n\t\t\t\t\t\t<div class=\"elementor-container elementor-column-gap-default\">\n\t\t\t\t\t<div class=\"elementor-column elementor-col-50 elementor-inner-column elementor-element elementor-element-1d23dc0\" data-id=\"1d23dc0\" data-element_type=\"column\">\n\t\t\t<div class=\"elementor-widget-wrap elementor-element-populated\">\n\t\t\t\t\t\t<div class=\"elementor-element elementor-element-0e726f4 elementor-widget elementor-widget-image\" data-id=\"0e726f4\" data-element_type=\"widget\" data-widget_type=\"image.default\">\n\t\t\t\t<div class=\"elementor-widget-container\">\n\t\t\t\t\t\t\t\t\t\t\t\t\t\t\t<img decoding=\"async\" width=\"640\" height=\"383\" src=\"https:\/\/dbcbebidacia.com.br\/site\/wp-content\/uploads\/2023\/11\/20231107_174147-scaled-e1699444880644-1024x612.jpg\" class=\"attachment-large size-large wp-image-860\" alt=\"\" srcset=\"https:\/\/dbcbebidacia.com.br\/site\/wp-content\/uploads\/2023\/11\/20231107_174147-scaled-e1699444880644-1024x612.jpg 1024w, https:\/\/dbcbebidacia.com.br\/site\/wp-content\/uploads\/2023\/11\/20231107_174147-scaled-e1699444880644-300x179.jpg 300w, https:\/\/dbcbebidacia.com.br\/site\/wp-content\/uploads\/2023\/11\/20231107_174147-scaled-e1699444880644-768x459.jpg 768w, https:\/\/dbcbebidacia.com.br\/site\/wp-content\/uploads\/2023\/11\/20231107_174147-scaled-e1699444880644-1536x918.jpg 1536w, https:\/\/dbcbebidacia.com.br\/site\/wp-content\/uploads\/2023\/11\/20231107_174147-scaled-e1699444880644-2048x1224.jpg 2048w\" sizes=\"(max-width: 640px) 100vw, 640px\" \/>\t\t\t\t\t\t\t\t\t\t\t\t\t\t\t<\/div>\n\t\t\t\t<\/div>\n\t\t\t\t\t<\/div>\n\t\t<\/div>\n\t\t\t\t<div class=\"elementor-column elementor-col-50 elementor-inner-column elementor-element elementor-element-5c56eca\" data-id=\"5c56eca\" data-element_type=\"column\">\n\t\t\t<div class=\"elementor-widget-wrap elementor-element-populated\">\n\t\t\t\t\t\t<div class=\"elementor-element elementor-element-55ae752 elementor-widget elementor-widget-text-editor\" data-id=\"55ae752\" data-element_type=\"widget\" data-widget_type=\"text-editor.default\">\n\t\t\t\t<div class=\"elementor-widget-container\">\n\t\t\t\t\t\t\t\t\t<p>O chopp \u00e9 uma das especialidades da DBC Bebidas, e eles se orgulham de servir o chopp mais fresco e saboroso da regi\u00e3o. Suas torneiras de chopp s\u00e3o mantidas sob rigoroso controle de qualidade para garantir que cada caneca seja uma experi\u00eancia incr\u00edvel.<\/p>\t\t\t\t\t\t\t\t<\/div>\n\t\t\t\t<\/div>\n\t\t\t\t\t<\/div>\n\t\t<\/div>\n\t\t\t\t\t<\/div>\n\t\t<\/section>\n\t\t\t\t\t<\/div>\n\t\t<\/div>\n\t\t\t\t\t<\/div>\n\t\t<\/section>\n\t\t\t\t<\/div>\n\t\t","protected":false},"excerpt":{"rendered":"<p>Sucesso no seu Evento Em um mundo em constante evolu\u00e7\u00e3o, a DBC Bebidas continua a prosperar, fornecendo bebidas de alta qualidade para<\/p>\n<p class=\"link-more\"><a class=\"myButt \" href=\"https:\/\/dbcbebidacia.com.br\/site\/index.php\/eventos\/\">Leia mais<\/a><\/p>\n","protected":false},"author":1,"featured_media":0,"parent":0,"menu_order":0,"comment_status":"closed","ping_status":"closed","template":"","meta":{"footnotes":""},"class_list":["post-25","page","type-page","status-publish","hentry"],"_links":{"self":[{"href":"https:\/\/dbcbebidacia.com.br\/site\/index.php\/wp-json\/wp\/v2\/pages\/25","targetHints":{"allow":["GET"]}}],"collection":[{"href":"https:\/\/dbcbebidacia.com.br\/site\/index.php\/wp-json\/wp\/v2\/pages"}],"about":[{"href":"https:\/\/dbcbebidacia.com.br\/site\/index.php\/wp-json\/wp\/v2\/types\/page"}],"author":[{"embeddable":true,"href":"https:\/\/dbcbebidacia.com.br\/site\/index.php\/wp-json\/wp\/v2\/users\/1"}],"replies":[{"embeddable":true,"href":"https:\/\/dbcbebidacia.com.br\/site\/index.php\/wp-json\/wp\/v2\/comments?post=25"}],"version-history":[{"count":7,"href":"https:\/\/dbcbebidacia.com.br\/site\/index.php\/wp-json\/wp\/v2\/pages\/25\/revisions"}],"predecessor-version":[{"id":905,"href":"https:\/\/dbcbebidacia.com.br\/site\/index.php\/wp-json\/wp\/v2\/pages\/25\/revisions\/905"}],"wp:attachment":[{"href":"https:\/\/dbcbebidacia.com.br\/site\/index.php\/wp-json\/wp\/v2\/media?parent=25"}],"curies":[{"name":"wp","href":"https:\/\/api.w.org\/{rel}","templated":true}]}}